{"id":1150,"date":"2023-01-02T15:20:12","date_gmt":"2023-01-02T14:20:12","guid":{"rendered":"https:\/\/akantmeble.pl\/?post_type=product&#038;p=1150"},"modified":"2025-05-30T00:06:48","modified_gmt":"2025-05-29T22:06:48","slug":"stol-glamour-c007","status":"publish","type":"product","link":"https:\/\/akantmeble.pl\/detal\/produkt\/stol-glamour-c007\/","title":{"rendered":"St\u00f3\u0142 glamour"},"content":{"rendered":"<div class=\"overflow-x-auto relative\" dir=\"auto\">\n<div>\n<p>Oferujemy wyj\u0105tkowy st\u00f3\u0142 glamour, kt\u00f3ry stanie si\u0119 centralnym punktem ka\u017cdego eleganckiego wn\u0119trza. Jego design \u0142\u0105czy w sobie nowoczesno\u015b\u0107 z klasycznym stylem, co sprawia, \u017ce doskonale wpisuje si\u0119 w r\u00f3\u017cnorodne aran\u017cacje. Wykonany z wysokiej jako\u015bci materia\u0142\u00f3w, st\u00f3\u0142 charakteryzuje si\u0119 solidn\u0105 konstrukcj\u0105 oraz pi\u0119knym wyko\u0144czeniem.<\/p>\n<p>Jego wysublimowane linie i subtelne detale przyci\u0105gaj\u0105 wzrok, a jednocze\u015bnie dodaj\u0105 elegancji i szyku. Idealny do jadalni, salonu czy przestrzeni biurowej, sprawdzi si\u0119 zar\u00f3wno podczas codziennych posi\u0142k\u00f3w, jak i podczas wyj\u0105tkowych okazji.<\/p>\n<p>Blat akrylowy utwardzany pod UV (bardzo twarda pow\u0142oka), podstawa lakierowana w\u0142oskimi lakierami wysokiej klasy firmy ICA z filtrem UV, zaokr\u0105glone rogi blatu promie\u0144 35mm.<\/p>\n<p>Kolor do wyboru\u00a0 : Bia\u0142y mat lub po\u0142ysk , czarny mat lub po\u0142ysk , kaszmir mat lub po\u0142ysk , po zakupie prosimy o wskazanie koloru i wyko\u0144czenia.<\/p>\n<\/div>\n<\/div>\n<div class=\"overflow-x-auto relative\" dir=\"auto\">\n<p>Istnieje mo\u017cliwo\u015b\u0107 wykonania pod wymiar.<\/p>\n<p>&nbsp;<\/p>\n<\/div>\n","protected":false},"excerpt":{"rendered":"<p>St\u00f3\u0142 glamour<\/p>\n","protected":false},"featured_media":1164,"comment_status":"open","ping_status":"closed","template":"","meta":[],"product_brand":[],"product_cat":[15],"product_tag":[150,131,129],"class_list":{"0":"post-1150","1":"product","2":"type-product","3":"status-publish","4":"has-post-thumbnail","6":"product_cat-bez-kategorii","7":"product_tag-bialy-stol","8":"product_tag-ekskluzywne-wnetrza","9":"product_tag-luksusowe-meble","10":"product_shipping_class-l-320zl","11":"pa_styl-glamour","13":"first","14":"instock","15":"shipping-taxable","16":"purchasable","17":"product-type-variable"},"yoast_head":"<!-- This site is optimized with the Yoast SEO plugin v27.5 - https:\/\/yoast.com\/product\/yoast-seo-wordpress\/ -->\n<title>St\u00f3\u0142 glamour - Akant Meble exclusive furniture<\/title>\n<meta name=\"description\" content=\"St\u00f3\u0142 w stylu glamour. Mebel klasy premium. Lakier o podwy\u017cszonej twardo\u015bci. Istnieje mo\u017cliwo\u015b\u0107 zrobienia pod wymiar.\" \/>\n<meta name=\"robots\" content=\"index, follow, max-snippet:-1, max-image-preview:large, max-video-preview:-1\" \/>\n<link rel=\"canonical\" href=\"https:\/\/akantmeble.pl\/detal\/produkt\/stol-glamour-c007\/\" \/>\n<meta property=\"og:locale\" content=\"pl_PL\" \/>\n<meta property=\"og:type\" content=\"article\" \/>\n<meta property=\"og:title\" content=\"St\u00f3\u0142 glamour - Akant Meble exclusive furniture\" \/>\n<meta property=\"og:description\" content=\"St\u00f3\u0142 w stylu glamour. Mebel klasy premium. Lakier o podwy\u017cszonej twardo\u015bci. Istnieje mo\u017cliwo\u015b\u0107 zrobienia pod wymiar.\" \/>\n<meta property=\"og:url\" content=\"https:\/\/akantmeble.pl\/detal\/produkt\/stol-glamour-c007\/\" \/>\n<meta property=\"og:site_name\" content=\"Akant Meble exclusive furniture\" \/>\n<meta property=\"article:modified_time\" content=\"2025-05-29T22:06:48+00:00\" \/>\n<meta property=\"og:image\" content=\"https:\/\/akantmeble.pl\/detal\/wp-content\/uploads\/2023\/01\/stol-glamour-scaled.jpg\" \/>\n\t<meta property=\"og:image:width\" content=\"2560\" \/>\n\t<meta property=\"og:image:height\" content=\"1920\" \/>\n\t<meta property=\"og:image:type\" content=\"image\/jpeg\" \/>\n<meta name=\"twitter:card\" content=\"summary_large_image\" \/>\n<meta name=\"twitter:label1\" content=\"Szacowany czas czytania\" \/>\n\t<meta name=\"twitter:data1\" content=\"1 minuta\" \/>\n<script type=\"application\/ld+json\" class=\"yoast-schema-graph\">{\"@context\":\"https:\\\/\\\/schema.org\",\"@graph\":[{\"@type\":\"WebPage\",\"@id\":\"https:\\\/\\\/akantmeble.pl\\\/detal\\\/produkt\\\/stol-glamour-c007\\\/\",\"url\":\"https:\\\/\\\/akantmeble.pl\\\/detal\\\/produkt\\\/stol-glamour-c007\\\/\",\"name\":\"St\u00f3\u0142 glamour - Akant Meble exclusive furniture\",\"isPartOf\":{\"@id\":\"https:\\\/\\\/akantmeble.pl\\\/detal\\\/#website\"},\"primaryImageOfPage\":{\"@id\":\"https:\\\/\\\/akantmeble.pl\\\/detal\\\/produkt\\\/stol-glamour-c007\\\/#primaryimage\"},\"image\":{\"@id\":\"https:\\\/\\\/akantmeble.pl\\\/detal\\\/produkt\\\/stol-glamour-c007\\\/#primaryimage\"},\"thumbnailUrl\":\"https:\\\/\\\/akantmeble.pl\\\/detal\\\/wp-content\\\/uploads\\\/2023\\\/01\\\/stol-glamour-scaled.jpg\",\"datePublished\":\"2023-01-02T14:20:12+00:00\",\"dateModified\":\"2025-05-29T22:06:48+00:00\",\"description\":\"St\u00f3\u0142 w stylu glamour. Mebel klasy premium. Lakier o podwy\u017cszonej twardo\u015bci. Istnieje mo\u017cliwo\u015b\u0107 zrobienia pod wymiar.\",\"breadcrumb\":{\"@id\":\"https:\\\/\\\/akantmeble.pl\\\/detal\\\/produkt\\\/stol-glamour-c007\\\/#breadcrumb\"},\"inLanguage\":\"pl-PL\",\"potentialAction\":[{\"@type\":\"ReadAction\",\"target\":[\"https:\\\/\\\/akantmeble.pl\\\/detal\\\/produkt\\\/stol-glamour-c007\\\/\"]}]},{\"@type\":\"ImageObject\",\"inLanguage\":\"pl-PL\",\"@id\":\"https:\\\/\\\/akantmeble.pl\\\/detal\\\/produkt\\\/stol-glamour-c007\\\/#primaryimage\",\"url\":\"https:\\\/\\\/akantmeble.pl\\\/detal\\\/wp-content\\\/uploads\\\/2023\\\/01\\\/stol-glamour-scaled.jpg\",\"contentUrl\":\"https:\\\/\\\/akantmeble.pl\\\/detal\\\/wp-content\\\/uploads\\\/2023\\\/01\\\/stol-glamour-scaled.jpg\",\"width\":2560,\"height\":1920},{\"@type\":\"BreadcrumbList\",\"@id\":\"https:\\\/\\\/akantmeble.pl\\\/detal\\\/produkt\\\/stol-glamour-c007\\\/#breadcrumb\",\"itemListElement\":[{\"@type\":\"ListItem\",\"position\":1,\"name\":\"Strona g\u0142\u00f3wna\",\"item\":\"https:\\\/\\\/akantmeble.pl\\\/detal\\\/\"},{\"@type\":\"ListItem\",\"position\":2,\"name\":\"Sklep\",\"item\":\"https:\\\/\\\/akantmeble.pl\\\/detal\\\/sklep\\\/\"},{\"@type\":\"ListItem\",\"position\":3,\"name\":\"St\u00f3\u0142 glamour\"}]},{\"@type\":\"WebSite\",\"@id\":\"https:\\\/\\\/akantmeble.pl\\\/detal\\\/#website\",\"url\":\"https:\\\/\\\/akantmeble.pl\\\/detal\\\/\",\"name\":\"Akant Meble exclusive furniture\",\"description\":\"\",\"potentialAction\":[{\"@type\":\"SearchAction\",\"target\":{\"@type\":\"EntryPoint\",\"urlTemplate\":\"https:\\\/\\\/akantmeble.pl\\\/detal\\\/?s={search_term_string}\"},\"query-input\":{\"@type\":\"PropertyValueSpecification\",\"valueRequired\":true,\"valueName\":\"search_term_string\"}}],\"inLanguage\":\"pl-PL\"}]}<\/script>\n<!-- \/ Yoast SEO plugin. -->","yoast_head_json":{"title":"St\u00f3\u0142 glamour - Akant Meble exclusive furniture","description":"St\u00f3\u0142 w stylu glamour. Mebel klasy premium. Lakier o podwy\u017cszonej twardo\u015bci. Istnieje mo\u017cliwo\u015b\u0107 zrobienia pod wymiar.","robots":{"index":"index","follow":"follow","max-snippet":"max-snippet:-1","max-image-preview":"max-image-preview:large","max-video-preview":"max-video-preview:-1"},"canonical":"https:\/\/akantmeble.pl\/detal\/produkt\/stol-glamour-c007\/","og_locale":"pl_PL","og_type":"article","og_title":"St\u00f3\u0142 glamour - Akant Meble exclusive furniture","og_description":"St\u00f3\u0142 w stylu glamour. Mebel klasy premium. Lakier o podwy\u017cszonej twardo\u015bci. Istnieje mo\u017cliwo\u015b\u0107 zrobienia pod wymiar.","og_url":"https:\/\/akantmeble.pl\/detal\/produkt\/stol-glamour-c007\/","og_site_name":"Akant Meble exclusive furniture","article_modified_time":"2025-05-29T22:06:48+00:00","og_image":[{"width":2560,"height":1920,"url":"https:\/\/akantmeble.pl\/detal\/wp-content\/uploads\/2023\/01\/stol-glamour-scaled.jpg","type":"image\/jpeg"}],"twitter_card":"summary_large_image","twitter_misc":{"Szacowany czas czytania":"1 minuta"},"schema":{"@context":"https:\/\/schema.org","@graph":[{"@type":"WebPage","@id":"https:\/\/akantmeble.pl\/detal\/produkt\/stol-glamour-c007\/","url":"https:\/\/akantmeble.pl\/detal\/produkt\/stol-glamour-c007\/","name":"St\u00f3\u0142 glamour - Akant Meble exclusive furniture","isPartOf":{"@id":"https:\/\/akantmeble.pl\/detal\/#website"},"primaryImageOfPage":{"@id":"https:\/\/akantmeble.pl\/detal\/produkt\/stol-glamour-c007\/#primaryimage"},"image":{"@id":"https:\/\/akantmeble.pl\/detal\/produkt\/stol-glamour-c007\/#primaryimage"},"thumbnailUrl":"https:\/\/akantmeble.pl\/detal\/wp-content\/uploads\/2023\/01\/stol-glamour-scaled.jpg","datePublished":"2023-01-02T14:20:12+00:00","dateModified":"2025-05-29T22:06:48+00:00","description":"St\u00f3\u0142 w stylu glamour. Mebel klasy premium. Lakier o podwy\u017cszonej twardo\u015bci. Istnieje mo\u017cliwo\u015b\u0107 zrobienia pod wymiar.","breadcrumb":{"@id":"https:\/\/akantmeble.pl\/detal\/produkt\/stol-glamour-c007\/#breadcrumb"},"inLanguage":"pl-PL","potentialAction":[{"@type":"ReadAction","target":["https:\/\/akantmeble.pl\/detal\/produkt\/stol-glamour-c007\/"]}]},{"@type":"ImageObject","inLanguage":"pl-PL","@id":"https:\/\/akantmeble.pl\/detal\/produkt\/stol-glamour-c007\/#primaryimage","url":"https:\/\/akantmeble.pl\/detal\/wp-content\/uploads\/2023\/01\/stol-glamour-scaled.jpg","contentUrl":"https:\/\/akantmeble.pl\/detal\/wp-content\/uploads\/2023\/01\/stol-glamour-scaled.jpg","width":2560,"height":1920},{"@type":"BreadcrumbList","@id":"https:\/\/akantmeble.pl\/detal\/produkt\/stol-glamour-c007\/#breadcrumb","itemListElement":[{"@type":"ListItem","position":1,"name":"Strona g\u0142\u00f3wna","item":"https:\/\/akantmeble.pl\/detal\/"},{"@type":"ListItem","position":2,"name":"Sklep","item":"https:\/\/akantmeble.pl\/detal\/sklep\/"},{"@type":"ListItem","position":3,"name":"St\u00f3\u0142 glamour"}]},{"@type":"WebSite","@id":"https:\/\/akantmeble.pl\/detal\/#website","url":"https:\/\/akantmeble.pl\/detal\/","name":"Akant Meble exclusive furniture","description":"","potentialAction":[{"@type":"SearchAction","target":{"@type":"EntryPoint","urlTemplate":"https:\/\/akantmeble.pl\/detal\/?s={search_term_string}"},"query-input":{"@type":"PropertyValueSpecification","valueRequired":true,"valueName":"search_term_string"}}],"inLanguage":"pl-PL"}]}},"_links":{"self":[{"href":"https:\/\/akantmeble.pl\/detal\/wp-json\/wp\/v2\/product\/1150","targetHints":{"allow":["GET"]}}],"collection":[{"href":"https:\/\/akantmeble.pl\/detal\/wp-json\/wp\/v2\/product"}],"about":[{"href":"https:\/\/akantmeble.pl\/detal\/wp-json\/wp\/v2\/types\/product"}],"replies":[{"embeddable":true,"href":"https:\/\/akantmeble.pl\/detal\/wp-json\/wp\/v2\/comments?post=1150"}],"wp:featuredmedia":[{"embeddable":true,"href":"https:\/\/akantmeble.pl\/detal\/wp-json\/wp\/v2\/media\/1164"}],"wp:attachment":[{"href":"https:\/\/akantmeble.pl\/detal\/wp-json\/wp\/v2\/media?parent=1150"}],"wp:term":[{"taxonomy":"product_brand","embeddable":true,"href":"https:\/\/akantmeble.pl\/detal\/wp-json\/wp\/v2\/product_brand?post=1150"},{"taxonomy":"product_cat","embeddable":true,"href":"https:\/\/akantmeble.pl\/detal\/wp-json\/wp\/v2\/product_cat?post=1150"},{"taxonomy":"product_tag","embeddable":true,"href":"https:\/\/akantmeble.pl\/detal\/wp-json\/wp\/v2\/product_tag?post=1150"}],"curies":[{"name":"wp","href":"https:\/\/api.w.org\/{rel}","templated":true}]}}